{"id":1685,"date":"2020-12-30T22:06:29","date_gmt":"2020-12-31T01:06:29","guid":{"rendered":"https:\/\/tecmac.com.br\/index.php\/produto\/sulfite-a4-resma-magnum\/"},"modified":"2021-01-21T09:48:22","modified_gmt":"2021-01-21T12:48:22","slug":"sulfite-a4-resma-magnum","status":"publish","type":"product","link":"https:\/\/tecmac.com.br\/index.php\/produto\/sulfite-a4-resma-magnum\/","title":{"rendered":"SULFITE A4 RESMA MAGNUM"},"content":{"rendered":"","protected":false},"excerpt":{"rendered":"<p><span style=\"color: #666666;font-family: 'Proxima Nova', -apple-system, 'Helvetica Neue', Helvetica, Roboto, Arial, sans-serif;font-size: 20px\">Folha Sulfite barato &#8211; Melhor Custo Beneficio do Mercado.<\/span><br style=\"color: #666666;font-family: 'Proxima Nova', -apple-system, 'Helvetica Neue', Helvetica, Roboto, Arial, sans-serif;font-size: 20px\" \/><span style=\"color: #666666;font-family: 'Proxima Nova', -apple-system, 'Helvetica Neue', Helvetica, Roboto, Arial, sans-serif;font-size: 20px\">Produto perfeito para utilizar no ecommerce.<\/span><br style=\"color: #666666;font-family: 'Proxima Nova', -apple-system, 'Helvetica Neue', Helvetica, Roboto, Arial, sans-serif;font-size: 20px\" \/><br style=\"color: #666666;font-family: 'Proxima Nova', -apple-system, 'Helvetica Neue', Helvetica, Roboto, Arial, sans-serif;font-size: 20px\" \/><span style=\"color: #666666;font-family: 'Proxima Nova', -apple-system, 'Helvetica Neue', Helvetica, Roboto, Arial, sans-serif;font-size: 20px\">Melhor custo beneficio , papel com certificado da FCS e com grande aceita\u00e7\u00e3o de mercado . A empresa possui o certificado Cerflor e FSC\u00ae, seguindo a cadeia de cust\u00f3dia da CMPC e OJI Papeis. A miss\u00e3o do Conselho Brasileiro de Manejo Florestal \u00e9 difundir e facilitar o bom manejo das florestas brasileiras conforme Princ\u00edpios e Crit\u00e9rios que conciliam as salvaguardas ecol\u00f3gicas com os benef\u00edcios sociais e a viabilidade econ\u00f4mica. O FSC\u00ae se tornou o sistema de certifica\u00e7\u00e3o florestal de maior credibilidade internacional e o \u00fanico que incorpora de forma igualit\u00e1ria os interesses de grupos sociais, ambientais e econ\u00f4micos.<\/span><br style=\"color: #666666;font-family: 'Proxima Nova', -apple-system, 'Helvetica Neue', Helvetica, Roboto, Arial, sans-serif;font-size: 20px\" \/><br style=\"color: #666666;font-family: 'Proxima Nova', -apple-system, 'Helvetica Neue', Helvetica, Roboto, Arial, sans-serif;font-size: 20px\" \/><span style=\"color: #666666;font-family: 'Proxima Nova', -apple-system, 'Helvetica Neue', Helvetica, Roboto, Arial, sans-serif;font-size: 20px\">Produto de excelente qualidade e pre\u00e7o competitivo com o mercado!<\/span><\/p>\n","protected":false},"featured_media":1684,"comment_status":"open","ping_status":"closed","template":"","meta":[],"yoast_head":"<!-- This site is optimized with the Yoast SEO plugin v15.6.2 - https:\/\/yoast.com\/wordpress\/plugins\/seo\/ -->\n<title>SULFITE A4 RESMA MAGNUM - TEC MAC Office Center<\/title>\n<meta name=\"robots\" content=\"index, follow, max-snippet:-1, max-image-preview:large, max-video-preview:-1\" \/>\n<link rel=\"canonical\" href=\"https:\/\/tecmac.com.br\/index.php\/produto\/sulfite-a4-resma-magnum\/\" \/>\n<meta property=\"og:locale\" content=\"pt_BR\" \/>\n<meta property=\"og:type\" content=\"article\" \/>\n<meta property=\"og:title\" content=\"SULFITE A4 RESMA MAGNUM - TEC MAC Office Center\" \/>\n<meta property=\"og:description\" content=\"Folha Sulfite barato - Melhor Custo Beneficio do Mercado.Produto perfeito para utilizar no ecommerce.Melhor custo beneficio , papel com certificado da FCS e com grande aceita\u00e7\u00e3o de mercado . A empresa possui o certificado Cerflor e FSC\u00ae, seguindo a cadeia de cust\u00f3dia da CMPC e OJI Papeis. A miss\u00e3o do Conselho Brasileiro de Manejo Florestal \u00e9 difundir e facilitar o bom manejo das florestas brasileiras conforme Princ\u00edpios e Crit\u00e9rios que conciliam as salvaguardas ecol\u00f3gicas com os benef\u00edcios sociais e a viabilidade econ\u00f4mica. O FSC\u00ae se tornou o sistema de certifica\u00e7\u00e3o florestal de maior credibilidade internacional e o \u00fanico que incorpora de forma igualit\u00e1ria os interesses de grupos sociais, ambientais e econ\u00f4micos.Produto de excelente qualidade e pre\u00e7o competitivo com o mercado!\" \/>\n<meta property=\"og:url\" content=\"https:\/\/tecmac.com.br\/index.php\/produto\/sulfite-a4-resma-magnum\/\" \/>\n<meta property=\"og:site_name\" content=\"TEC MAC Office Center\" \/>\n<meta property=\"article:modified_time\" content=\"2021-01-21T12:48:22+00:00\" \/>\n<meta property=\"og:image\" content=\"https:\/\/tecmac.com.br\/wp-content\/uploads\/2020\/12\/papel-magnum.jpg\" \/>\n\t<meta property=\"og:image:width\" content=\"960\" \/>\n\t<meta property=\"og:image:height\" content=\"640\" \/>\n<meta name=\"twitter:card\" content=\"summary_large_image\" \/>\n<script type=\"application\/ld+json\" class=\"yoast-schema-graph\">{\"@context\":\"https:\/\/schema.org\",\"@graph\":[{\"@type\":\"WebSite\",\"@id\":\"https:\/\/tecmac.com.br\/#website\",\"url\":\"https:\/\/tecmac.com.br\/\",\"name\":\"TEC MAC Office Center\",\"description\":\"H\\u00e1 32 anos agregando qualidade e desempenho aos escrit\\u00f3rios\",\"potentialAction\":[{\"@type\":\"SearchAction\",\"target\":\"https:\/\/tecmac.com.br\/?s={search_term_string}\",\"query-input\":\"required name=search_term_string\"}],\"inLanguage\":\"pt-BR\"},{\"@type\":\"ImageObject\",\"@id\":\"https:\/\/tecmac.com.br\/index.php\/produto\/sulfite-a4-resma-magnum\/#primaryimage\",\"inLanguage\":\"pt-BR\",\"url\":\"https:\/\/tecmac.com.br\/wp-content\/uploads\/2020\/12\/papel-magnum.jpg\",\"width\":960,\"height\":640},{\"@type\":\"WebPage\",\"@id\":\"https:\/\/tecmac.com.br\/index.php\/produto\/sulfite-a4-resma-magnum\/#webpage\",\"url\":\"https:\/\/tecmac.com.br\/index.php\/produto\/sulfite-a4-resma-magnum\/\",\"name\":\"SULFITE A4 RESMA MAGNUM - TEC MAC Office Center\",\"isPartOf\":{\"@id\":\"https:\/\/tecmac.com.br\/#website\"},\"primaryImageOfPage\":{\"@id\":\"https:\/\/tecmac.com.br\/index.php\/produto\/sulfite-a4-resma-magnum\/#primaryimage\"},\"datePublished\":\"2020-12-31T01:06:29+00:00\",\"dateModified\":\"2021-01-21T12:48:22+00:00\",\"inLanguage\":\"pt-BR\",\"potentialAction\":[{\"@type\":\"ReadAction\",\"target\":[\"https:\/\/tecmac.com.br\/index.php\/produto\/sulfite-a4-resma-magnum\/\"]}]}]}<\/script>\n<!-- \/ Yoast SEO plugin. -->","_links":{"self":[{"href":"https:\/\/tecmac.com.br\/index.php\/wp-json\/wp\/v2\/product\/1685"}],"collection":[{"href":"https:\/\/tecmac.com.br\/index.php\/wp-json\/wp\/v2\/product"}],"about":[{"href":"https:\/\/tecmac.com.br\/index.php\/wp-json\/wp\/v2\/types\/product"}],"replies":[{"embeddable":true,"href":"https:\/\/tecmac.com.br\/index.php\/wp-json\/wp\/v2\/comments?post=1685"}],"wp:featuredmedia":[{"embeddable":true,"href":"https:\/\/tecmac.com.br\/index.php\/wp-json\/wp\/v2\/media\/1684"}],"wp:attachment":[{"href":"https:\/\/tecmac.com.br\/index.php\/wp-json\/wp\/v2\/media?parent=1685"}],"curies":[{"name":"wp","href":"https:\/\/api.w.org\/{rel}","templated":true}]}}