{"id":1721,"date":"2021-01-04T09:18:19","date_gmt":"2021-01-04T12:18:19","guid":{"rendered":"https:\/\/tecmac.com.br\/index.php\/produto\/climatizador-de-ar-portatil-e-umidificador-philco-pcl1f-frio-com-controle-remoto\/"},"modified":"2021-01-04T09:18:19","modified_gmt":"2021-01-04T12:18:19","slug":"climatizador-de-ar-portatil-e-umidificador-philco-pcl1f-frio-com-controle-remoto","status":"publish","type":"product","link":"https:\/\/tecmac.com.br\/index.php\/produto\/climatizador-de-ar-portatil-e-umidificador-philco-pcl1f-frio-com-controle-remoto\/","title":{"rendered":"Climatizador de Ar Portatil e Umidificador Philco PCL1F Frio Com Controle Remoto"},"content":{"rendered":"","protected":false},"excerpt":{"rendered":"<p>Deixe qualquer ambiente com temperatura agrad\u00e1vel e refrescante com o <b>Climatizador de Ar de Ar Frio PCL1F Philco. Esse aparelho ventila, umidifica, purifica e evapora. Com tr\u00eas velocidades: alta, m\u00e9dia e baixa, o PCL1F ainda possui al\u00e7a para transporte e base com rodinhas, sem a necessidade de instala\u00e7\u00e3o fixa, acompanha controle remoto com alcance de 6m, timer de at\u00e9 8 horas e indicadores de n\u00edvel de \u00e1gua. Um equipamento com garantia de qualidade e efici\u00eancia para toda a fam\u00edlia.<\/p>\n<p> <b>Todas as informa\u00e7\u00f5es divulgadas s\u00e3o de responsabilidade do fabricante\/fornecedor.<\/b><\/p>\n<p> <b>Verifique com os fabricantes do produto e de seus componentes eventuais limita\u00e7\u00f5es \u00e0 utiliza\u00e7\u00e3o de todos os recursos e funcionalidades.<\/b><\/p>\n<p> <b>Imagens Meramente Ilustrativas.<\/b><\/p>\n","protected":false},"featured_media":0,"comment_status":"open","ping_status":"closed","template":"","meta":[],"yoast_head":"<!-- This site is optimized with the Yoast SEO plugin v15.6.2 - https:\/\/yoast.com\/wordpress\/plugins\/seo\/ -->\n<title>Climatizador de Ar Portatil e Umidificador Philco PCL1F Frio Com Controle Remoto - TEC MAC Office Center<\/title>\n<meta name=\"robots\" content=\"index, follow, max-snippet:-1, max-image-preview:large, max-video-preview:-1\" \/>\n<link rel=\"canonical\" href=\"https:\/\/tecmac.com.br\/index.php\/produto\/climatizador-de-ar-portatil-e-umidificador-philco-pcl1f-frio-com-controle-remoto\/\" \/>\n<meta property=\"og:locale\" content=\"pt_BR\" \/>\n<meta property=\"og:type\" content=\"article\" \/>\n<meta property=\"og:title\" content=\"Climatizador de Ar Portatil e Umidificador Philco PCL1F Frio Com Controle Remoto - TEC MAC Office Center\" \/>\n<meta property=\"og:description\" content=\"Deixe qualquer ambiente com temperatura agrad\u00e1vel e refrescante com o Climatizador de Ar de Ar Frio PCL1F Philco. Esse aparelho ventila, umidifica, purifica e evapora. Com tr\u00eas velocidades: alta, m\u00e9dia e baixa, o PCL1F ainda possui al\u00e7a para transporte e base com rodinhas, sem a necessidade de instala\u00e7\u00e3o fixa, acompanha controle remoto com alcance de 6m, timer de at\u00e9 8 horas e indicadores de n\u00edvel de \u00e1gua. Um equipamento com garantia de qualidade e efici\u00eancia para toda a fam\u00edlia. Todas as informa\u00e7\u00f5es divulgadas s\u00e3o de responsabilidade do fabricante\/fornecedor. Verifique com os fabricantes do produto e de seus componentes eventuais limita\u00e7\u00f5es \u00e0 utiliza\u00e7\u00e3o de todos os recursos e funcionalidades. Imagens Meramente Ilustrativas.\" \/>\n<meta property=\"og:url\" content=\"https:\/\/tecmac.com.br\/index.php\/produto\/climatizador-de-ar-portatil-e-umidificador-philco-pcl1f-frio-com-controle-remoto\/\" \/>\n<meta property=\"og:site_name\" content=\"TEC MAC Office Center\" \/>\n<meta name=\"twitter:card\" content=\"summary_large_image\" \/>\n<script type=\"application\/ld+json\" class=\"yoast-schema-graph\">{\"@context\":\"https:\/\/schema.org\",\"@graph\":[{\"@type\":\"WebSite\",\"@id\":\"https:\/\/tecmac.com.br\/#website\",\"url\":\"https:\/\/tecmac.com.br\/\",\"name\":\"TEC MAC Office Center\",\"description\":\"H\\u00e1 32 anos agregando qualidade e desempenho aos escrit\\u00f3rios\",\"potentialAction\":[{\"@type\":\"SearchAction\",\"target\":\"https:\/\/tecmac.com.br\/?s={search_term_string}\",\"query-input\":\"required name=search_term_string\"}],\"inLanguage\":\"pt-BR\"},{\"@type\":\"WebPage\",\"@id\":\"https:\/\/tecmac.com.br\/index.php\/produto\/climatizador-de-ar-portatil-e-umidificador-philco-pcl1f-frio-com-controle-remoto\/#webpage\",\"url\":\"https:\/\/tecmac.com.br\/index.php\/produto\/climatizador-de-ar-portatil-e-umidificador-philco-pcl1f-frio-com-controle-remoto\/\",\"name\":\"Climatizador de Ar Portatil e Umidificador Philco PCL1F Frio Com Controle Remoto - TEC MAC Office Center\",\"isPartOf\":{\"@id\":\"https:\/\/tecmac.com.br\/#website\"},\"datePublished\":\"2021-01-04T12:18:19+00:00\",\"dateModified\":\"2021-01-04T12:18:19+00:00\",\"inLanguage\":\"pt-BR\",\"potentialAction\":[{\"@type\":\"ReadAction\",\"target\":[\"https:\/\/tecmac.com.br\/index.php\/produto\/climatizador-de-ar-portatil-e-umidificador-philco-pcl1f-frio-com-controle-remoto\/\"]}]}]}<\/script>\n<!-- \/ Yoast SEO plugin. -->","_links":{"self":[{"href":"https:\/\/tecmac.com.br\/index.php\/wp-json\/wp\/v2\/product\/1721"}],"collection":[{"href":"https:\/\/tecmac.com.br\/index.php\/wp-json\/wp\/v2\/product"}],"about":[{"href":"https:\/\/tecmac.com.br\/index.php\/wp-json\/wp\/v2\/types\/product"}],"replies":[{"embeddable":true,"href":"https:\/\/tecmac.com.br\/index.php\/wp-json\/wp\/v2\/comments?post=1721"}],"wp:attachment":[{"href":"https:\/\/tecmac.com.br\/index.php\/wp-json\/wp\/v2\/media?parent=1721"}],"curies":[{"name":"wp","href":"https:\/\/api.w.org\/{rel}","templated":true}]}}