{"id":1722,"date":"2021-01-04T09:18:22","date_gmt":"2021-01-04T12:18:22","guid":{"rendered":"https:\/\/tecmac.com.br\/index.php\/produto\/geladeira-refrigerador-462-litros-2-portas-cycle-defrost-classe-a-dc49a-branco\/"},"modified":"2021-01-04T09:18:22","modified_gmt":"2021-01-04T12:18:22","slug":"geladeira-refrigerador-462-litros-2-portas-cycle-defrost-classe-a-dc49a-branco","status":"publish","type":"product","link":"https:\/\/tecmac.com.br\/index.php\/produto\/geladeira-refrigerador-462-litros-2-portas-cycle-defrost-classe-a-dc49a-branco\/","title":{"rendered":"Geladeira \/ Refrigerador 462 Litros 2 Portas Cycle Defrost Classe A &#8211; Dc49a Branco"},"content":{"rendered":"","protected":false},"excerpt":{"rendered":"<p>   Seja por conta do espa\u00e7o, da organiza\u00e7\u00e3o ou da tecnologia avan\u00e7ada, o Electrolux Duplex DC49A garante o desempenho perfeito para conservar seus alimentos. Ele possui uma capacidade de 462 litros e ainda vem equipado com v\u00e1rios compartimentos \u00fateis. Aproveite o porta-ovos, prateleiras para garrafas, gavet\u00e3o para legumes e porta-condimentos. O sistema Multiflow assegura uma circula\u00e7\u00e3o uniforme de ar e deixa a comida e a bebida na temperatura certa. As prateleiras s\u00e3o remov\u00edveis, dur\u00e1veis e ainda contam com recurso antiderramamento, que evita o escorrimento de l\u00edquidos. Com os puxadores externos, voc\u00ea ter\u00e1 muita facilidade para abrir a porta do produto. Os p\u00e9s niveladores frontais e rod\u00edzios traseiros auxiliam na movimenta\u00e7\u00e3o do equipamento. Ele possui classifica\u00e7\u00e3o A de energia no Inmetro, j\u00e1 que consome pouca energia. A ilumina\u00e7\u00e3o interna facilita a visualiza\u00e7\u00e3o interna de maneira eficiente. O design elegante deixa sua cozinha muito mais sofisticada.<\/p>\n<p><\/p>\n<p><b>Caracter\u00edsticas:<\/b><br \/>   &#8211; Puxadores externos: resistentes e com design diferenciado, facilitam a abertura da porta.<br \/>   &#8211; Porta Condimentos Remov\u00edvel: ideal para armazenar condimentos e molhos e lev\u00e1-los juntos \u00e0 mesa.<br \/>   &#8211; Multi Flow System: melhora a circula\u00e7\u00e3o do ar frio, mantendo a temperatura interna uniforme e conservando melhor os alimentos.<br \/>   &#8211; Prateleiras em Ps Crystal antiderramamento no refrigerador e no freezer: resistentes, evitam que l\u00edquidos derramados escorram e facilitam a limpeza.<br \/>   &#8211; Amplo gavet\u00e3o de frutas, legumes e verduras com controle de umidade: mais espa\u00e7o e melhor conserva\u00e7\u00e3o dos alimentos.<br \/>   &#8211; Cesta Porta-ovos remov\u00edvel para 12 unidades: armazena e transporta ovos com facilidade e seguran\u00e7a<br \/>   &#8211; Duas prateleiras de Ps Crystal remov\u00edveis na porta do freezer: Garante melhor aproveitamento interno do freezer, visualiza\u00e7\u00e3o r\u00e1pida e organiza\u00e7\u00e3o.<br \/>   &#8211; Duas prateleiras fundas na porta do refrigerador com travas para garrafas: Espa\u00e7o para garrafas de at\u00e9 2,5 litros com trava para evitar tombamento. Mais seguran\u00e7a, organiza\u00e7\u00e3o e melhor aproveitamento do espa\u00e7o interno.<br \/>   &#8211; Zyncplus na porta: Garantia de 3 anos contra oxida\u00e7\u00e3o na porta.<br \/>   &#8211; P\u00e9s niveladores frontais e rod\u00edzios traseiros: Facilitam a movimenta\u00e7\u00e3o e o nivelamento do refrigerador.<br \/>   &#8211; Ilumina\u00e7\u00e3o interna: Mais comodidade e praticidade.<br \/>   &#8211; Duas f\u00f4rmas de gelo suspensas: Organiza melhor a produ\u00e7\u00e3o de gelo, de forma pr\u00e1tica, longe de poss\u00edveis respingos de outros alimentos.<br \/>   &#8211; Modelo: DC49A<\/p>\n<p><\/p>\n<p><b>Especifica\u00e7\u00f5es T\u00e9cnicas:<\/b><br \/>   Classifica\u00e7\u00e3o Energ\u00e9tica: A.<br \/>   Consumo de Energia (kWh\/m\u00eas): 58,1.<br \/>   C\u00f3digo Comercial:127~02492DBA106 \/ 220~02492DBA206<br \/>   Capacidade bruta de armazenamento (litros): Refrigerador 353 \/ Freezer 115 \/ Total 468<br \/>   Capacidade l\u00edquida de armazenamento (litros): Refrigerador 347 \/ Freezer 115 \/ Total 462<\/p>\n<p><\/p>\n<p><b>Dimens\u00f5es do Produto:<\/b><br \/>   Altura: 186.5 cm<br \/>   Largura: 70.2 cm<br \/>   Profundidade: 73.3 cm<br \/>   Peso: 84.5 kg<\/p>\n<p><\/p>\n<p>   Garantia do Fornecedor de 12 Meses<\/p>\n","protected":false},"featured_media":0,"comment_status":"open","ping_status":"closed","template":"","meta":[],"yoast_head":"<!-- This site is optimized with the Yoast SEO plugin v15.6.2 - https:\/\/yoast.com\/wordpress\/plugins\/seo\/ -->\n<title>Geladeira \/ Refrigerador 462 Litros 2 Portas Cycle Defrost Classe A - Dc49a Branco - TEC MAC Office Center<\/title>\n<meta name=\"robots\" content=\"index, follow, max-snippet:-1, max-image-preview:large, max-video-preview:-1\" \/>\n<link rel=\"canonical\" href=\"https:\/\/tecmac.com.br\/index.php\/produto\/geladeira-refrigerador-462-litros-2-portas-cycle-defrost-classe-a-dc49a-branco\/\" \/>\n<meta property=\"og:locale\" content=\"pt_BR\" \/>\n<meta property=\"og:type\" content=\"article\" \/>\n<meta property=\"og:title\" content=\"Geladeira \/ Refrigerador 462 Litros 2 Portas Cycle Defrost Classe A - Dc49a Branco - TEC MAC Office Center\" \/>\n<meta property=\"og:description\" content=\"Seja por conta do espa\u00e7o, da organiza\u00e7\u00e3o ou da tecnologia avan\u00e7ada, o Electrolux Duplex DC49A garante o desempenho perfeito para conservar seus alimentos. Ele possui uma capacidade de 462 litros e ainda vem equipado com v\u00e1rios compartimentos \u00fateis. Aproveite o porta-ovos, prateleiras para garrafas, gavet\u00e3o para legumes e porta-condimentos. O sistema Multiflow assegura uma circula\u00e7\u00e3o uniforme de ar e deixa a comida e a bebida na temperatura certa. As prateleiras s\u00e3o remov\u00edveis, dur\u00e1veis e ainda contam com recurso antiderramamento, que evita o escorrimento de l\u00edquidos. Com os puxadores externos, voc\u00ea ter\u00e1 muita facilidade para abrir a porta do produto. Os p\u00e9s niveladores frontais e rod\u00edzios traseiros auxiliam na movimenta\u00e7\u00e3o do equipamento. Ele possui classifica\u00e7\u00e3o A de energia no Inmetro, j\u00e1 que consome pouca energia. A ilumina\u00e7\u00e3o interna facilita a visualiza\u00e7\u00e3o interna de maneira eficiente. O design elegante deixa sua cozinha muito mais sofisticada.Caracter\u00edsticas:  - Puxadores externos: resistentes e com design diferenciado, facilitam a abertura da porta.  - Porta Condimentos Remov\u00edvel: ideal para armazenar condimentos e molhos e lev\u00e1-los juntos \u00e0 mesa.  - Multi Flow System: melhora a circula\u00e7\u00e3o do ar frio, mantendo a temperatura interna uniforme e conservando melhor os alimentos.  - Prateleiras em Ps Crystal antiderramamento no refrigerador e no freezer: resistentes, evitam que l\u00edquidos derramados escorram e facilitam a limpeza.  - Amplo gavet\u00e3o de frutas, legumes e verduras com controle de umidade: mais espa\u00e7o e melhor conserva\u00e7\u00e3o dos alimentos.  - Cesta Porta-ovos remov\u00edvel para 12 unidades: armazena e transporta ovos com facilidade e seguran\u00e7a  - Duas prateleiras de Ps Crystal remov\u00edveis na porta do freezer: Garante melhor aproveitamento interno do freezer, visualiza\u00e7\u00e3o r\u00e1pida e organiza\u00e7\u00e3o.  - Duas prateleiras fundas na porta do refrigerador com travas para garrafas: Espa\u00e7o para garrafas de at\u00e9 2,5 litros com trava para evitar tombamento. Mais seguran\u00e7a, organiza\u00e7\u00e3o e melhor aproveitamento do espa\u00e7o interno.  - Zyncplus na porta: Garantia de 3 anos contra oxida\u00e7\u00e3o na porta.  - P\u00e9s niveladores frontais e rod\u00edzios traseiros: Facilitam a movimenta\u00e7\u00e3o e o nivelamento do refrigerador.  - Ilumina\u00e7\u00e3o interna: Mais comodidade e praticidade.  - Duas f\u00f4rmas de gelo suspensas: Organiza melhor a produ\u00e7\u00e3o de gelo, de forma pr\u00e1tica, longe de poss\u00edveis respingos de outros alimentos.  - Modelo: DC49AEspecifica\u00e7\u00f5es T\u00e9cnicas:  Classifica\u00e7\u00e3o Energ\u00e9tica: A.  Consumo de Energia (kWh\/m\u00eas): 58,1.  C\u00f3digo Comercial:127~02492DBA106 \/ 220~02492DBA206  Capacidade bruta de armazenamento (litros): Refrigerador 353 \/ Freezer 115 \/ Total 468  Capacidade l\u00edquida de armazenamento (litros): Refrigerador 347 \/ Freezer 115 \/ Total 462Dimens\u00f5es do Produto:  Altura: 186.5 cm  Largura: 70.2 cm  Profundidade: 73.3 cm  Peso: 84.5 kg  Garantia do Fornecedor de 12 Meses\" \/>\n<meta property=\"og:url\" content=\"https:\/\/tecmac.com.br\/index.php\/produto\/geladeira-refrigerador-462-litros-2-portas-cycle-defrost-classe-a-dc49a-branco\/\" \/>\n<meta property=\"og:site_name\" content=\"TEC MAC Office Center\" \/>\n<meta name=\"twitter:card\" content=\"summary_large_image\" \/>\n<script type=\"application\/ld+json\" class=\"yoast-schema-graph\">{\"@context\":\"https:\/\/schema.org\",\"@graph\":[{\"@type\":\"WebSite\",\"@id\":\"https:\/\/tecmac.com.br\/#website\",\"url\":\"https:\/\/tecmac.com.br\/\",\"name\":\"TEC MAC Office Center\",\"description\":\"H\\u00e1 32 anos agregando qualidade e desempenho aos escrit\\u00f3rios\",\"potentialAction\":[{\"@type\":\"SearchAction\",\"target\":\"https:\/\/tecmac.com.br\/?s={search_term_string}\",\"query-input\":\"required name=search_term_string\"}],\"inLanguage\":\"pt-BR\"},{\"@type\":\"WebPage\",\"@id\":\"https:\/\/tecmac.com.br\/index.php\/produto\/geladeira-refrigerador-462-litros-2-portas-cycle-defrost-classe-a-dc49a-branco\/#webpage\",\"url\":\"https:\/\/tecmac.com.br\/index.php\/produto\/geladeira-refrigerador-462-litros-2-portas-cycle-defrost-classe-a-dc49a-branco\/\",\"name\":\"Geladeira \/ Refrigerador 462 Litros 2 Portas Cycle Defrost Classe A - Dc49a Branco - TEC MAC Office Center\",\"isPartOf\":{\"@id\":\"https:\/\/tecmac.com.br\/#website\"},\"datePublished\":\"2021-01-04T12:18:22+00:00\",\"dateModified\":\"2021-01-04T12:18:22+00:00\",\"inLanguage\":\"pt-BR\",\"potentialAction\":[{\"@type\":\"ReadAction\",\"target\":[\"https:\/\/tecmac.com.br\/index.php\/produto\/geladeira-refrigerador-462-litros-2-portas-cycle-defrost-classe-a-dc49a-branco\/\"]}]}]}<\/script>\n<!-- \/ Yoast SEO plugin. -->","_links":{"self":[{"href":"https:\/\/tecmac.com.br\/index.php\/wp-json\/wp\/v2\/product\/1722"}],"collection":[{"href":"https:\/\/tecmac.com.br\/index.php\/wp-json\/wp\/v2\/product"}],"about":[{"href":"https:\/\/tecmac.com.br\/index.php\/wp-json\/wp\/v2\/types\/product"}],"replies":[{"embeddable":true,"href":"https:\/\/tecmac.com.br\/index.php\/wp-json\/wp\/v2\/comments?post=1722"}],"wp:attachment":[{"href":"https:\/\/tecmac.com.br\/index.php\/wp-json\/wp\/v2\/media?parent=1722"}],"curies":[{"name":"wp","href":"https:\/\/api.w.org\/{rel}","templated":true}]}}