{"id":1729,"date":"2021-01-04T09:24:34","date_gmt":"2021-01-04T12:24:34","guid":{"rendered":"https:\/\/tecmac.com.br\/index.php\/produto\/cadeira-beezi-fixa-estr-preta-plaxmetal\/"},"modified":"2021-01-04T09:54:07","modified_gmt":"2021-01-04T12:54:07","slug":"cadeira-beezi-fixa-estr-preta-plaxmetal","status":"publish","type":"product","link":"https:\/\/tecmac.com.br\/index.php\/produto\/cadeira-beezi-fixa-estr-preta-plaxmetal\/","title":{"rendered":"CADEIRA BEEZI FIXA ESTR.PRETA PLAXMETAL"},"content":{"rendered":"","protected":false},"excerpt":{"rendered":"<p style=\"margin: 0px 0px 3px;font-size: 16px;color: #383838;font-family: Hind, sans-serif\">CADEIRA BEEZI FIXA ESTR.PRETA PLAXMETAL<\/p>\n<p style=\"margin: 0px 0px 3px;font-size: 16px;color: #383838;font-family: Hind, sans-serif\">\u00a0<\/p>\n<p style=\"margin: 0px 0px 3px;font-size: 16px;color: #383838;font-family: Hind, sans-serif\">A versatilidade da linha Beezi traduzida nas diferentes configura\u00e7\u00f5es assumidas, proporciona conforto ao usu\u00e1rio em ambientes de trabalho e bem-estar nos momentos de relaxamento.<\/p>\n<p style=\"margin: 0px 0px 3px;font-size: 16px;color: #383838;font-family: Hind, sans-serif\">\u00a0<\/p>\n<p style=\"margin: 0px 0px 3px;font-size: 16px;color: #383838;font-family: Hind, sans-serif\">&#8211; Assento Anatomico Com Espuma Injetada<\/p>\n<p style=\"margin: 0px 0px 3px;font-size: 16px;color: #383838;font-family: Hind, sans-serif\">&#8211; Encosto Anat\u00d4Mico Confeccionado Em Pp ( polipropileno)<\/p>\n<p style=\"margin: 0px 0px 3px;font-size: 16px;color: #383838;font-family: Hind, sans-serif\">\u00a0<\/p>\n<p style=\"margin: 0px 0px 3px;font-size: 16px;color: #383838;font-family: Hind, sans-serif\">\u00a0 Imagens meramente ilustrativas<br \/>Acompanha manual de montagem<br \/>A montagem \u00e9 feita pelo cliente.<\/p>\n","protected":false},"featured_media":0,"comment_status":"open","ping_status":"closed","template":"","meta":[],"yoast_head":"<!-- This site is optimized with the Yoast SEO plugin v15.6.2 - https:\/\/yoast.com\/wordpress\/plugins\/seo\/ -->\n<title>CADEIRA BEEZI FIXA ESTR.PRETA PLAXMETAL - TEC MAC Office Center<\/title>\n<meta name=\"robots\" content=\"index, follow, max-snippet:-1, max-image-preview:large, max-video-preview:-1\" \/>\n<link rel=\"canonical\" href=\"https:\/\/tecmac.com.br\/index.php\/produto\/cadeira-beezi-fixa-estr-preta-plaxmetal\/\" \/>\n<meta property=\"og:locale\" content=\"pt_BR\" \/>\n<meta property=\"og:type\" content=\"article\" \/>\n<meta property=\"og:title\" content=\"CADEIRA BEEZI FIXA ESTR.PRETA PLAXMETAL - TEC MAC Office Center\" \/>\n<meta property=\"og:description\" content=\"CADEIRA BEEZI FIXA ESTR.PRETA PLAXMETAL \u00a0 A versatilidade da linha Beezi traduzida nas diferentes configura\u00e7\u00f5es assumidas, proporciona conforto ao usu\u00e1rio em ambientes de trabalho e bem-estar nos momentos de relaxamento. \u00a0 - Assento Anatomico Com Espuma Injetada - Encosto Anat\u00d4Mico Confeccionado Em Pp ( polipropileno) \u00a0 \u00a0 Imagens meramente ilustrativasAcompanha manual de montagemA montagem \u00e9 feita pelo cliente.\" \/>\n<meta property=\"og:url\" content=\"https:\/\/tecmac.com.br\/index.php\/produto\/cadeira-beezi-fixa-estr-preta-plaxmetal\/\" \/>\n<meta property=\"og:site_name\" content=\"TEC MAC Office Center\" \/>\n<meta property=\"article:modified_time\" content=\"2021-01-04T12:54:07+00:00\" \/>\n<meta name=\"twitter:card\" content=\"summary_large_image\" \/>\n<script type=\"application\/ld+json\" class=\"yoast-schema-graph\">{\"@context\":\"https:\/\/schema.org\",\"@graph\":[{\"@type\":\"WebSite\",\"@id\":\"https:\/\/tecmac.com.br\/#website\",\"url\":\"https:\/\/tecmac.com.br\/\",\"name\":\"TEC MAC Office Center\",\"description\":\"H\\u00e1 32 anos agregando qualidade e desempenho aos escrit\\u00f3rios\",\"potentialAction\":[{\"@type\":\"SearchAction\",\"target\":\"https:\/\/tecmac.com.br\/?s={search_term_string}\",\"query-input\":\"required name=search_term_string\"}],\"inLanguage\":\"pt-BR\"},{\"@type\":\"WebPage\",\"@id\":\"https:\/\/tecmac.com.br\/index.php\/produto\/cadeira-beezi-fixa-estr-preta-plaxmetal\/#webpage\",\"url\":\"https:\/\/tecmac.com.br\/index.php\/produto\/cadeira-beezi-fixa-estr-preta-plaxmetal\/\",\"name\":\"CADEIRA BEEZI FIXA ESTR.PRETA PLAXMETAL - TEC MAC Office Center\",\"isPartOf\":{\"@id\":\"https:\/\/tecmac.com.br\/#website\"},\"datePublished\":\"2021-01-04T12:24:34+00:00\",\"dateModified\":\"2021-01-04T12:54:07+00:00\",\"inLanguage\":\"pt-BR\",\"potentialAction\":[{\"@type\":\"ReadAction\",\"target\":[\"https:\/\/tecmac.com.br\/index.php\/produto\/cadeira-beezi-fixa-estr-preta-plaxmetal\/\"]}]}]}<\/script>\n<!-- \/ Yoast SEO plugin. -->","_links":{"self":[{"href":"https:\/\/tecmac.com.br\/index.php\/wp-json\/wp\/v2\/product\/1729"}],"collection":[{"href":"https:\/\/tecmac.com.br\/index.php\/wp-json\/wp\/v2\/product"}],"about":[{"href":"https:\/\/tecmac.com.br\/index.php\/wp-json\/wp\/v2\/types\/product"}],"replies":[{"embeddable":true,"href":"https:\/\/tecmac.com.br\/index.php\/wp-json\/wp\/v2\/comments?post=1729"}],"wp:attachment":[{"href":"https:\/\/tecmac.com.br\/index.php\/wp-json\/wp\/v2\/media?parent=1729"}],"curies":[{"name":"wp","href":"https:\/\/api.w.org\/{rel}","templated":true}]}}