{"id":1810,"date":"2021-01-04T10:04:26","date_gmt":"2021-01-04T13:04:26","guid":{"rendered":"https:\/\/tecmac.com.br\/index.php\/produto\/cafeteira-eletrica-britania-cp30-temp-30-xicaras-127v-preta-inox\/"},"modified":"2021-01-04T10:16:57","modified_gmt":"2021-01-04T13:16:57","slug":"cafeteira-eletrica-britania-cp30-temp-30-xicaras-127v-preta-inox","status":"publish","type":"product","link":"https:\/\/tecmac.com.br\/index.php\/produto\/cafeteira-eletrica-britania-cp30-temp-30-xicaras-127v-preta-inox\/","title":{"rendered":"Cafeteira El\u00e9trica Brit\u00e2nia CP30 Temp 30 X\u00edcaras 127V &#8211; Preta Inox"},"content":{"rendered":"","protected":false},"excerpt":{"rendered":"<p>Agora o seu cafezinho ficar\u00e1 ainda mais saboroso e pr\u00e1tico com a Cafeteira El\u00e9trica Brit\u00e2nia CP30 Temp 30 X\u00edcaras &#8211; Preta Inox. Possui capacidade para 30 cafezinhos, jarra de a\u00e7o muito resistente com sistema corta-pingos. Permite a retirada da jarra enquanto o caf\u00e9 est\u00e1 sendo preparado. Acompanha colher dosadora para a quantidade exata do caf\u00e9. Filtro permanente que dispensa o uso do filtro de papel e base de aquecimento que mant\u00e9m o caf\u00e9 aquecido.<\/p>\n<p>Tomar caf\u00e9 faz bem pra sa\u00fade e pra fam\u00edlia. Tenha bons momentos e saboreie deliciosos caf\u00e9s feitos com a Cafeteira Brit\u00e2nia!<\/p>\n<p><strong>Verifique com os fabricantes do produto e de seus componentes eventuais limita\u00e7\u00f5es \u00e0 utiliza\u00e7\u00e3o de todos os recursos e funcionalidades.<\/strong><\/p>\n<p><strong>Todas as informa\u00e7\u00f5es divulgadas s\u00e3o de responsabilidade do fabricante\/fornecedor.<\/strong><\/p>\n<p><strong>Imagens meramente ilustrativas.<\/strong><\/p>\n","protected":false},"featured_media":0,"comment_status":"open","ping_status":"closed","template":"","meta":[],"yoast_head":"<!-- This site is optimized with the Yoast SEO plugin v15.6.2 - https:\/\/yoast.com\/wordpress\/plugins\/seo\/ -->\n<title>Cafeteira El\u00e9trica Brit\u00e2nia CP30 Temp 30 X\u00edcaras 127V - Preta Inox - TEC MAC Office Center<\/title>\n<meta name=\"robots\" content=\"index, follow, max-snippet:-1, max-image-preview:large, max-video-preview:-1\" \/>\n<link rel=\"canonical\" href=\"https:\/\/tecmac.com.br\/index.php\/produto\/cafeteira-eletrica-britania-cp30-temp-30-xicaras-127v-preta-inox\/\" \/>\n<meta property=\"og:locale\" content=\"pt_BR\" \/>\n<meta property=\"og:type\" content=\"article\" \/>\n<meta property=\"og:title\" content=\"Cafeteira El\u00e9trica Brit\u00e2nia CP30 Temp 30 X\u00edcaras 127V - Preta Inox - TEC MAC Office Center\" \/>\n<meta property=\"og:description\" content=\"Agora o seu cafezinho ficar\u00e1 ainda mais saboroso e pr\u00e1tico com a Cafeteira El\u00e9trica Brit\u00e2nia CP30 Temp 30 X\u00edcaras - Preta Inox. Possui capacidade para 30 cafezinhos, jarra de a\u00e7o muito resistente com sistema corta-pingos. Permite a retirada da jarra enquanto o caf\u00e9 est\u00e1 sendo preparado. Acompanha colher dosadora para a quantidade exata do caf\u00e9. Filtro permanente que dispensa o uso do filtro de papel e base de aquecimento que mant\u00e9m o caf\u00e9 aquecido.Tomar caf\u00e9 faz bem pra sa\u00fade e pra fam\u00edlia. Tenha bons momentos e saboreie deliciosos caf\u00e9s feitos com a Cafeteira Brit\u00e2nia!Verifique com os fabricantes do produto e de seus componentes eventuais limita\u00e7\u00f5es \u00e0 utiliza\u00e7\u00e3o de todos os recursos e funcionalidades.Todas as informa\u00e7\u00f5es divulgadas s\u00e3o de responsabilidade do fabricante\/fornecedor.Imagens meramente ilustrativas.\" \/>\n<meta property=\"og:url\" content=\"https:\/\/tecmac.com.br\/index.php\/produto\/cafeteira-eletrica-britania-cp30-temp-30-xicaras-127v-preta-inox\/\" \/>\n<meta property=\"og:site_name\" content=\"TEC MAC Office Center\" \/>\n<meta property=\"article:modified_time\" content=\"2021-01-04T13:16:57+00:00\" \/>\n<meta name=\"twitter:card\" content=\"summary_large_image\" \/>\n<script type=\"application\/ld+json\" class=\"yoast-schema-graph\">{\"@context\":\"https:\/\/schema.org\",\"@graph\":[{\"@type\":\"WebSite\",\"@id\":\"https:\/\/tecmac.com.br\/#website\",\"url\":\"https:\/\/tecmac.com.br\/\",\"name\":\"TEC MAC Office Center\",\"description\":\"H\\u00e1 32 anos agregando qualidade e desempenho aos escrit\\u00f3rios\",\"potentialAction\":[{\"@type\":\"SearchAction\",\"target\":\"https:\/\/tecmac.com.br\/?s={search_term_string}\",\"query-input\":\"required name=search_term_string\"}],\"inLanguage\":\"pt-BR\"},{\"@type\":\"WebPage\",\"@id\":\"https:\/\/tecmac.com.br\/index.php\/produto\/cafeteira-eletrica-britania-cp30-temp-30-xicaras-127v-preta-inox\/#webpage\",\"url\":\"https:\/\/tecmac.com.br\/index.php\/produto\/cafeteira-eletrica-britania-cp30-temp-30-xicaras-127v-preta-inox\/\",\"name\":\"Cafeteira El\\u00e9trica Brit\\u00e2nia CP30 Temp 30 X\\u00edcaras 127V - Preta Inox - TEC MAC Office Center\",\"isPartOf\":{\"@id\":\"https:\/\/tecmac.com.br\/#website\"},\"datePublished\":\"2021-01-04T13:04:26+00:00\",\"dateModified\":\"2021-01-04T13:16:57+00:00\",\"inLanguage\":\"pt-BR\",\"potentialAction\":[{\"@type\":\"ReadAction\",\"target\":[\"https:\/\/tecmac.com.br\/index.php\/produto\/cafeteira-eletrica-britania-cp30-temp-30-xicaras-127v-preta-inox\/\"]}]}]}<\/script>\n<!-- \/ Yoast SEO plugin. -->","_links":{"self":[{"href":"https:\/\/tecmac.com.br\/index.php\/wp-json\/wp\/v2\/product\/1810"}],"collection":[{"href":"https:\/\/tecmac.com.br\/index.php\/wp-json\/wp\/v2\/product"}],"about":[{"href":"https:\/\/tecmac.com.br\/index.php\/wp-json\/wp\/v2\/types\/product"}],"replies":[{"embeddable":true,"href":"https:\/\/tecmac.com.br\/index.php\/wp-json\/wp\/v2\/comments?post=1810"}],"wp:attachment":[{"href":"https:\/\/tecmac.com.br\/index.php\/wp-json\/wp\/v2\/media?parent=1810"}],"curies":[{"name":"wp","href":"https:\/\/api.w.org\/{rel}","templated":true}]}}