{"id":1889,"date":"2021-01-04T10:28:57","date_gmt":"2021-01-04T13:28:57","guid":{"rendered":"https:\/\/tecmac.com.br\/index.php\/produto\/porta-chaves-claviculario-para-100-chaveiros-ctm\/"},"modified":"2021-01-21T09:39:45","modified_gmt":"2021-01-21T12:39:45","slug":"porta-chaves-claviculario-para-100-chaveiros-ctm","status":"publish","type":"product","link":"https:\/\/tecmac.com.br\/index.php\/produto\/porta-chaves-claviculario-para-100-chaveiros-ctm\/","title":{"rendered":"Porta Chaves &#8211; Clavicul\u00e1rio para 100 Chaveiros CTM"},"content":{"rendered":"","protected":false},"excerpt":{"rendered":"<p><strong>Descri\u00e7\u00e3o<\/strong><\/p>\n<p><strong>Especifica\u00e7\u00f5es<\/strong><\/p>\n<p>Porta Chave Com Capacidade Para\u00a0100 Chaves em Chapa De A\u00e7o pintura Eletrostatica porta Com Fechadura com Furos Para Fixa\u00e7\u00e3o. Suporte De A\u00e7o Para Chaveiros (Maior\u00a0Resist\u00eancia) Chaveiros Em Poliestireno<\/p>\n<p><strong>Dimens\u00f5es<\/strong><\/p>\n<p>Altura: 8 Cm largura: 48 Cm profundidade:41 Cm peso: 3.00 Kg<\/p>\n<div class=\"description user-content m-top\">\n<div class=\"description user-content m-top\">\n<p><strong>Porta Chaves (Clavicul\u00e1rio) para 100 Chaveiros<\/strong><\/p>\n<p>Constru\u00eddo Em A\u00e7o Com Pintura Ep\u00f3xi De Alta Durabilidade E Resistente A Oxida\u00e7\u00e3o, Com Fechadura E Duas Chaves Inclusas, Com Capacidade Para 100 Chaves.<\/p>\n<p>Ideal Para Organizar E Guardar As Chaves Que Est\u00e3o Em Uso Ou N\u00e3o, Evita Perdas De Chaves, Al\u00e9m De Proporcionar Maior Controle Das Chaves E Acesso Utilizado Por Empresas, Resid\u00eancias, Escolas, Estacionamentos, Portarias E Outros Locais. Compacto, Mant\u00e9m O Padr\u00e3o Est\u00e9tico Do Ambiente Disponibilidade Para Fixar Na Parede Ou Em Arm\u00e1rio. A Porta Possui Chave Para Abertura E J\u00e1 S\u00e3o Fornecidas Duas Chave.<\/p>\n<p>Dimens\u00f5es Do Produto:<br \/>\nComprimento: 45,5 Cm<br \/>\nLargura: 38 Cm<br \/>\nAltura: 4,5 Cm<br \/>\nPeso: 3 Kg<\/p>\n<\/div>\n<\/div>\n","protected":false},"featured_media":1884,"comment_status":"open","ping_status":"closed","template":"","meta":[],"yoast_head":"<!-- This site is optimized with the Yoast SEO plugin v15.6.2 - https:\/\/yoast.com\/wordpress\/plugins\/seo\/ -->\n<title>Porta Chaves - Clavicul\u00e1rio para 100 Chaveiros CTM - TEC MAC Office Center<\/title>\n<meta name=\"robots\" content=\"index, follow, max-snippet:-1, max-image-preview:large, max-video-preview:-1\" \/>\n<link rel=\"canonical\" href=\"https:\/\/tecmac.com.br\/index.php\/produto\/porta-chaves-claviculario-para-100-chaveiros-ctm\/\" \/>\n<meta property=\"og:locale\" content=\"pt_BR\" \/>\n<meta property=\"og:type\" content=\"article\" \/>\n<meta property=\"og:title\" content=\"Porta Chaves - Clavicul\u00e1rio para 100 Chaveiros CTM - TEC MAC Office Center\" \/>\n<meta property=\"og:description\" content=\"Descri\u00e7\u00e3o  Especifica\u00e7\u00f5es  Porta Chave Com Capacidade Para\u00a0100 Chaves em Chapa De A\u00e7o pintura Eletrostatica porta Com Fechadura com Furos Para Fixa\u00e7\u00e3o. Suporte De A\u00e7o Para Chaveiros (Maior\u00a0Resist\u00eancia) Chaveiros Em Poliestireno  Dimens\u00f5es  Altura: 8 Cm largura: 48 Cm profundidade:41 Cm peso: 3.00 Kg    Porta Chaves (Clavicul\u00e1rio) para 100 Chaveiros  Constru\u00eddo Em A\u00e7o Com Pintura Ep\u00f3xi De Alta Durabilidade E Resistente A Oxida\u00e7\u00e3o, Com Fechadura E Duas Chaves Inclusas, Com Capacidade Para 100 Chaves.  Ideal Para Organizar E Guardar As Chaves Que Est\u00e3o Em Uso Ou N\u00e3o, Evita Perdas De Chaves, Al\u00e9m De Proporcionar Maior Controle Das Chaves E Acesso Utilizado Por Empresas, Resid\u00eancias, Escolas, Estacionamentos, Portarias E Outros Locais. Compacto, Mant\u00e9m O Padr\u00e3o Est\u00e9tico Do Ambiente Disponibilidade Para Fixar Na Parede Ou Em Arm\u00e1rio. A Porta Possui Chave Para Abertura E J\u00e1 S\u00e3o Fornecidas Duas Chave.  Dimens\u00f5es Do Produto: Comprimento: 45,5 Cm Largura: 38 Cm Altura: 4,5 Cm Peso: 3 Kg\" \/>\n<meta property=\"og:url\" content=\"https:\/\/tecmac.com.br\/index.php\/produto\/porta-chaves-claviculario-para-100-chaveiros-ctm\/\" \/>\n<meta property=\"og:site_name\" content=\"TEC MAC Office Center\" \/>\n<meta property=\"article:modified_time\" content=\"2021-01-21T12:39:45+00:00\" \/>\n<meta property=\"og:image\" content=\"https:\/\/tecmac.com.br\/wp-content\/uploads\/2021\/01\/6437833601-img-20190327-173626-e22d635c322a3e3a1715672893482159-480-0.jpg\" \/>\n\t<meta property=\"og:image:width\" content=\"480\" \/>\n\t<meta property=\"og:image:height\" content=\"413\" \/>\n<meta name=\"twitter:card\" content=\"summary_large_image\" \/>\n<script type=\"application\/ld+json\" class=\"yoast-schema-graph\">{\"@context\":\"https:\/\/schema.org\",\"@graph\":[{\"@type\":\"WebSite\",\"@id\":\"https:\/\/tecmac.com.br\/#website\",\"url\":\"https:\/\/tecmac.com.br\/\",\"name\":\"TEC MAC Office Center\",\"description\":\"H\\u00e1 32 anos agregando qualidade e desempenho aos escrit\\u00f3rios\",\"potentialAction\":[{\"@type\":\"SearchAction\",\"target\":\"https:\/\/tecmac.com.br\/?s={search_term_string}\",\"query-input\":\"required name=search_term_string\"}],\"inLanguage\":\"pt-BR\"},{\"@type\":\"ImageObject\",\"@id\":\"https:\/\/tecmac.com.br\/index.php\/produto\/porta-chaves-claviculario-para-100-chaveiros-ctm\/#primaryimage\",\"inLanguage\":\"pt-BR\",\"url\":\"https:\/\/tecmac.com.br\/wp-content\/uploads\/2021\/01\/6437833601-img-20190327-173626-e22d635c322a3e3a1715672893482159-480-0.jpg\",\"width\":480,\"height\":413},{\"@type\":\"WebPage\",\"@id\":\"https:\/\/tecmac.com.br\/index.php\/produto\/porta-chaves-claviculario-para-100-chaveiros-ctm\/#webpage\",\"url\":\"https:\/\/tecmac.com.br\/index.php\/produto\/porta-chaves-claviculario-para-100-chaveiros-ctm\/\",\"name\":\"Porta Chaves - Clavicul\\u00e1rio para 100 Chaveiros CTM - TEC MAC Office Center\",\"isPartOf\":{\"@id\":\"https:\/\/tecmac.com.br\/#website\"},\"primaryImageOfPage\":{\"@id\":\"https:\/\/tecmac.com.br\/index.php\/produto\/porta-chaves-claviculario-para-100-chaveiros-ctm\/#primaryimage\"},\"datePublished\":\"2021-01-04T13:28:57+00:00\",\"dateModified\":\"2021-01-21T12:39:45+00:00\",\"inLanguage\":\"pt-BR\",\"potentialAction\":[{\"@type\":\"ReadAction\",\"target\":[\"https:\/\/tecmac.com.br\/index.php\/produto\/porta-chaves-claviculario-para-100-chaveiros-ctm\/\"]}]}]}<\/script>\n<!-- \/ Yoast SEO plugin. -->","_links":{"self":[{"href":"https:\/\/tecmac.com.br\/index.php\/wp-json\/wp\/v2\/product\/1889"}],"collection":[{"href":"https:\/\/tecmac.com.br\/index.php\/wp-json\/wp\/v2\/product"}],"about":[{"href":"https:\/\/tecmac.com.br\/index.php\/wp-json\/wp\/v2\/types\/product"}],"replies":[{"embeddable":true,"href":"https:\/\/tecmac.com.br\/index.php\/wp-json\/wp\/v2\/comments?post=1889"}],"wp:featuredmedia":[{"embeddable":true,"href":"https:\/\/tecmac.com.br\/index.php\/wp-json\/wp\/v2\/media\/1884"}],"wp:attachment":[{"href":"https:\/\/tecmac.com.br\/index.php\/wp-json\/wp\/v2\/media?parent=1889"}],"curies":[{"name":"wp","href":"https:\/\/api.w.org\/{rel}","templated":true}]}}